{"id":731,"date":"2022-03-29T16:26:08","date_gmt":"2022-03-29T14:26:08","guid":{"rendered":"https:\/\/joergelehof.info\/?page_id=731"},"modified":"2026-04-07T15:58:11","modified_gmt":"2026-04-07T13:58:11","slug":"anreise","status":"publish","type":"page","link":"https:\/\/joergelehof.info\/?page_id=731","title":{"rendered":"Anreise"},"content":{"rendered":"\n<div class=\"wp-block-columns alignwide is-layout-flex wp-container-core-columns-is-layout-9d6595d7 wp-block-columns-is-layout-flex\">\n<div class=\"wp-block-column is-layout-flow wp-block-column-is-layout-flow\" style=\"flex-basis:50%\"><div class=\"wp-block-image\">\n<figure class=\"aligncenter size-full is-resized\"><a href=\"https:\/\/www.google.com\/maps\/place\/J%C3%B6rgelehof\/@46.9212771,10.6855872,8.5z\/data=!4m8!3m7!1s0x479d4c86608190cb:0xa203aa17b6a29c15!5m2!4m1!1i2!8m2!3d46.9238505!4d11.2823763\" target=\"_blank\" rel=\"noopener\"><img loading=\"lazy\" decoding=\"async\" width=\"785\" height=\"603\" src=\"https:\/\/joergelehof.info\/wp-content\/uploads\/2022\/04\/2022-04-01-11_37_31-Joergelehof-Google-Maps.png\" alt=\"\" class=\"wp-image-1002\" style=\"width:631px;height:483px\" srcset=\"https:\/\/joergelehof.info\/wp-content\/uploads\/2022\/04\/2022-04-01-11_37_31-Joergelehof-Google-Maps.png 785w, https:\/\/joergelehof.info\/wp-content\/uploads\/2022\/04\/2022-04-01-11_37_31-Joergelehof-Google-Maps-300x230.png 300w, https:\/\/joergelehof.info\/wp-content\/uploads\/2022\/04\/2022-04-01-11_37_31-Joergelehof-Google-Maps-768x590.png 768w\" sizes=\"auto, (max-width: 785px) 100vw, 785px\" \/><\/a><\/figure><\/div><\/div>\n\n\n\n<div class=\"wp-block-column is-layout-flow wp-block-column-is-layout-flow\" style=\"flex-basis:25%\">\n<p>Unser Hof liegt im ruhigen Ridnauntal, rund 20 Minuten von der Brennerautobahn A22 \/ A13 entfernt.<\/p>\n\n\n\n<p><\/p>\n\n\n\n<p><\/p>\n\n\n\n<p><\/p>\n\n\n\n<p><strong>Adresse:<\/strong><\/p>\n\n\n\n<p>J\u00f6rgelehof<br>Gesennen 4<br>39040 Rindaun \/ Ratschings<br>BZ-IT<\/p>\n<\/div>\n<\/div>\n\n\n\n<div style=\"height:20px\" aria-hidden=\"true\" class=\"wp-block-spacer\"><\/div>\n\n\n\n<div class=\"wp-block-cover alignfull is-light has-parallax\" style=\"min-height:192px;aspect-ratio:unset;\"><div class=\"wp-block-cover__image-background wp-image-663 has-parallax\" style=\"background-position:50% 50%;background-image:url(https:\/\/joergelehof.info\/wp-content\/uploads\/2022\/03\/20180708_125710.jpg)\"><\/div><span aria-hidden=\"true\" class=\"wp-block-cover__background has-ast-global-color-1-background-color has-background-dim\"><\/span><div class=\"wp-block-cover__inner-container is-layout-flow wp-block-cover-is-layout-flow\">\n<h1 class=\"wp-block-heading has-text-align-center has-white-color has-text-color\"><mark style=\"background-color:rgba(0, 0, 0, 0);color:#000000\" class=\"has-inline-color\"> <\/mark>Wie reisen Sie an?<\/h1>\n<\/div><\/div>\n\n\n\n<div style=\"height:20px\" aria-hidden=\"true\" class=\"wp-block-spacer\"><\/div>\n\n\n\n<div class=\"wp-block-group\"><div class=\"wp-block-group__inner-container is-layout-flow wp-block-group-is-layout-flow\">\n<div class=\"wp-block-otfm-box-spoiler-start otfm-sp__wrapper otfm-sp__box js-otfm-sp-box__closed otfm-sp__d5e1df\" role=\"button\" tabindex=\"0\" aria-expanded=\"false\" data-otfm-spc=\"#d5e1df\" style=\"text-align:left\"><div class=\"otfm-sp__title\">Auto<\/div><\/div>\n\n\n\n<div class=\"wp-block-media-text is-stacked-on-mobile\" style=\"grid-template-columns:22% auto\"><figure class=\"wp-block-media-text__media\"><img loading=\"lazy\" decoding=\"async\" width=\"1024\" height=\"1024\" src=\"https:\/\/joergelehof.info\/wp-content\/uploads\/2022\/04\/20220427_114450-1024x1024.jpg\" alt=\"\" class=\"wp-image-1183 size-full\"\/><\/figure><div class=\"wp-block-media-text__content\">\n<p class=\"has-regular-font-size\">Reisen Sie mit dem Auto an? Nehmen Sie die Autobahnausfahrt Sterzing und folgen Sie der Beschilderung Richtung Ridnaun\/Maiern. Nach 14 Kilometern erreichen Sie das Dorf Maiern. Stehen Sie vor dem Hotel Schneeberg, nehmen Sie die Abzweigung scharf nach rechts und nach der Br\u00fccke scharf links. Dann k\u00f6nnen Sie ihr Ziel schon erblicken. Das Haus steht in der Kehre.<\/p>\n<\/div><\/div>\n\n\n\n<div class=\"wp-block-otfm-box-spoiler-end otfm-sp_end\"><\/div>\n\n\n\n<div class=\"wp-block-otfm-box-spoiler-start otfm-sp__wrapper otfm-sp__box js-otfm-sp-box__closed otfm-sp__d5e1df\" role=\"button\" tabindex=\"0\" aria-expanded=\"false\" data-otfm-spc=\"#d5e1df\" style=\"text-align:left\"><div class=\"otfm-sp__title\">\u00d6ffentliche Verkehrsmittel<\/div><\/div>\n\n\n\n<div class=\"wp-block-media-text is-stacked-on-mobile\" style=\"grid-template-columns:23% auto\"><figure class=\"wp-block-media-text__media\"><img loading=\"lazy\" decoding=\"async\" width=\"1024\" height=\"1024\" src=\"https:\/\/joergelehof.info\/wp-content\/uploads\/2022\/04\/20220421_164958-1024x1024.jpg\" alt=\"\" class=\"wp-image-1185 size-full\"\/><\/figure><div class=\"wp-block-media-text__content\">\n<p class=\"has-regular-font-size\">Auch mit den \u00f6ffentlichen Verkehrsmitteln erreichen Sie unseren Hof bequem. Vom Bahnhof in Sterzing besteht eine gute Busverbindung nach Ridnaun. Steigen Sie in Maiern, beim Hotel Schneeberg aus und spazieren gem\u00fctlich 500m zu unserem Hof. Gerne k\u00f6nnen Wir Sie beim Bus abholen, falls Sie mit schwerem Gep\u00e4ck anreisen. \u00a0Hier k\u00f6nnen Sie den <a href=\"https:\/\/www.fahrplan.it\/de\/312-sterzing-ridnaun\" target=\"_blank\" rel=\"noreferrer noopener\">aktuellen Busplan <\/a>downloaden.<\/p>\n\n\n\n<div class=\"wp-block-otfm-box-spoiler-end otfm-sp_end\"><\/div>\n<\/div><\/div>\n<\/div><\/div>\n\n\n\n<div style=\"height:18px\" aria-hidden=\"true\" class=\"wp-block-spacer\"><\/div>\n\n\n\n<div class=\"wp-block-buttons is-content-justification-center is-layout-flex wp-container-core-buttons-is-layout-16018d1d wp-block-buttons-is-layout-flex\">\n<div class=\"wp-block-button is-style-fill\"><a class=\"wp-block-button__link has-white-color has-text-color has-background wp-element-button\" href=\"\/?page_id=124\" style=\"border-radius:0px;background:linear-gradient(135deg,rgb(175,214,113) 0%,rgb(75,152,86) 100%)\">Zum Kontaktformular<\/a><\/div>\n<\/div>\n\n\n\n<p><\/p>\n","protected":false},"excerpt":{"rendered":"<p>Unser Hof liegt im ruhigen Ridnauntal, rund 20 Minuten von der Brennerautobahn A22 \/ A13 entfernt. Adresse: J\u00f6rgelehofGesennen 439040 Rindaun \/ RatschingsBZ-IT Reisen Sie mit [&hellip;]<\/p>\n","protected":false},"author":1,"featured_media":0,"parent":0,"menu_order":0,"comment_status":"closed","ping_status":"closed","template":"","meta":{"footnotes":""},"class_list":["post-731","page","type-page","status-publish","hentry"],"_links":{"self":[{"href":"https:\/\/joergelehof.info\/index.php?rest_route=\/wp\/v2\/pages\/731","targetHints":{"allow":["GET"]}}],"collection":[{"href":"https:\/\/joergelehof.info\/index.php?rest_route=\/wp\/v2\/pages"}],"about":[{"href":"https:\/\/joergelehof.info\/index.php?rest_route=\/wp\/v2\/types\/page"}],"author":[{"embeddable":true,"href":"https:\/\/joergelehof.info\/index.php?rest_route=\/wp\/v2\/users\/1"}],"replies":[{"embeddable":true,"href":"https:\/\/joergelehof.info\/index.php?rest_route=%2Fwp%2Fv2%2Fcomments&post=731"}],"version-history":[{"count":44,"href":"https:\/\/joergelehof.info\/index.php?rest_route=\/wp\/v2\/pages\/731\/revisions"}],"predecessor-version":[{"id":1405,"href":"https:\/\/joergelehof.info\/index.php?rest_route=\/wp\/v2\/pages\/731\/revisions\/1405"}],"wp:attachment":[{"href":"https:\/\/joergelehof.info\/index.php?rest_route=%2Fwp%2Fv2%2Fmedia&parent=731"}],"curies":[{"name":"wp","href":"https:\/\/api.w.org\/{rel}","templated":true}]}}